{"id":607,"date":"2025-05-05T16:56:15","date_gmt":"2025-05-05T15:56:15","guid":{"rendered":"https:\/\/kalkbrenner.ws\/ueber-uns\/"},"modified":"2026-04-24T10:41:33","modified_gmt":"2026-04-24T09:41:33","slug":"ueber-uns","status":"publish","type":"page","link":"https:\/\/kalkbrenner.ws\/de\/ueber-uns\/","title":{"rendered":"\u00dcber uns"},"content":{"rendered":"<div class=\"wpb-content-wrapper\"><p>[vc_row css=&#8220;.vc_custom_1746459060118{margin-top: 100px !important;}&#8220; conditional_render=&#8220;%5B%7B%22value_role%22%3A%22administrator%22%7D%5D&#8220; css_params=&#8220;&#8220;][vc_column][vc_text_separator title=&#8220;Lernen Sie das Team kennen&#8220; title_align=&#8220;separator_align_left&#8220; align=&#8220;align_left&#8220; color=&#8220;custom&#8220; css=&#8220;&#8220; style=&#8220;solid&#8220; element=&#8220;h2&#8243; accent_color=&#8220;#e6e6e6&#8243; css_params=&#8220;&#8220;][\/vc_column][\/vc_row][vc_row conditional_render=&#8220;%5B%7B%22value_role%22%3A%22administrator%22%7D%5D&#8220; css_params=&#8220;&#8220; css=&#8220;.vc_custom_1748344289504{padding-top: 50px !important;}&#8220;][vc_column width=&#8220;1\/3&#8243;]<div class=\"porto-sicon-box  wpb_custom_9d3ed8f607cc011188fbf691d9310ffa style_1 top-icon\"><div class=\"porto-sicon-header\"><h3 class=\"porto-sicon-title\" style=\"\">Rene Kalkbrenner<\/h3><p>CEO &amp; gesch\u00e4ftsf\u00fchrender Gesellschafter<\/p><\/div> <!-- header --><\/div><!-- porto-sicon-box --><div class=\"porto-sicon-box  wpb_custom_9d3ed8f607cc011188fbf691d9310ffa style_1 top-icon\"><div class=\"porto-sicon-header\"><h3 class=\"porto-sicon-title\" style=\"\">Claudia Kalkbrenner<\/h3><p>CEO &amp; gesch\u00e4ftsf\u00fchrender Gesellschafter<\/p><\/div> <!-- header --><\/div><!-- porto-sicon-box -->[\/vc_column][vc_column width=&#8220;1\/3&#8243;]<div class=\"porto-sicon-box  wpb_custom_9d3ed8f607cc011188fbf691d9310ffa style_1 top-icon\"><div class=\"porto-sicon-header\"><h3 class=\"porto-sicon-title\" style=\"\">Paula Cabrita<\/h3><p>Kundenservice &amp; Projekte<\/p><\/div> <!-- header --><\/div><!-- porto-sicon-box --><div class=\"porto-sicon-box  wpb_custom_9d3ed8f607cc011188fbf691d9310ffa style_1 top-icon\"><div class=\"porto-sicon-header\"><h3 class=\"porto-sicon-title\" style=\"\">Anabela Palma<\/h3><p>Kundenservice &amp; Buchungen<\/p><\/div> <!-- header --><\/div><!-- porto-sicon-box --><div class=\"porto-sicon-box  wpb_custom_9d3ed8f607cc011188fbf691d9310ffa style_1 top-icon\"><div class=\"porto-sicon-header\"><h3 class=\"porto-sicon-title\" style=\"\">Nelson Neves<\/h3><p>Kundenservice &amp; Buchungen<\/p><\/div> <!-- header --><\/div><!-- porto-sicon-box --><div class=\"porto-sicon-box  wpb_custom_9d3ed8f607cc011188fbf691d9310ffa style_1 top-icon\"><div class=\"porto-sicon-header\"><h3 class=\"porto-sicon-title\" style=\"\">In\u00eas Lapa<\/h3><p>Buchungen &amp; Kundenservice<\/p><\/div> <!-- header --><\/div><!-- porto-sicon-box -->[\/vc_column][vc_column width=&#8220;1\/3&#8243;]<div class=\"porto-sicon-box  wpb_custom_9d3ed8f607cc011188fbf691d9310ffa style_1 top-icon\"><div class=\"porto-sicon-header\"><h3 class=\"porto-sicon-title\" style=\"\">Marinella Ghezzo<\/h3><p>Personalwesen &amp; Buchhaltung<\/p><\/div> <!-- header --><\/div><!-- porto-sicon-box --><div class=\"porto-sicon-box  wpb_custom_9d3ed8f607cc011188fbf691d9310ffa style_1 top-icon\"><div class=\"porto-sicon-header\"><h3 class=\"porto-sicon-title\" style=\"\">Cristina Ferreira<\/h3><p>Buchhaltung &amp; Kundenservice<\/p><\/div> <!-- header --><\/div><!-- porto-sicon-box --><div class=\"porto-sicon-box  wpb_custom_9d3ed8f607cc011188fbf691d9310ffa style_1 top-icon\"><div class=\"porto-sicon-header\"><h3 class=\"porto-sicon-title\" style=\"\">Catarina Barreira<\/h3><p>Buchhaltung &amp; Kundenservice<\/p><\/div> <!-- header --><\/div><!-- porto-sicon-box --><div class=\"porto-sicon-box  wpb_custom_9d3ed8f607cc011188fbf691d9310ffa style_1 top-icon\"><div class=\"porto-sicon-header\"><h3 class=\"porto-sicon-title\" style=\"\">Jorge Maia<\/h3><p>Buchhaltung &amp; Kundenservice<\/p><\/div> <!-- header --><\/div><!-- porto-sicon-box -->[\/vc_column][\/vc_row][vc_row css=&#8220;.vc_custom_1746459060118{margin-top: 100px !important;}&#8220; conditional_render=&#8220;%5B%7B%22value_role%22%3A%22administrator%22%7D%5D&#8220; css_params=&#8220;&#8220;][vc_column][vc_text_separator title=&#8220;Unternehmensgeschichte&#8220; title_align=&#8220;separator_align_left&#8220; align=&#8220;align_left&#8220; color=&#8220;custom&#8220; css=&#8220;&#8220; style=&#8220;solid&#8220; element=&#8220;h2&#8243; accent_color=&#8220;#e6e6e6&#8243; css_params=&#8220;&#8220;][\/vc_column][\/vc_row][vc_row gap=&#8220;30&#8243; css=&#8220;.vc_custom_1746459357521{margin-top: 40px !important;}&#8220; conditional_render=&#8220;%5B%7B%22value_role%22%3A%22administrator%22%7D%5D&#8220; css_params=&#8220;&#8220;][vc_column width=&#8220;1\/3&#8243;]<div class=\"porto-u-heading  wpb_custom_257a69c66b5315e12997390a986a5c34 porto-u-ad87e2eaf3f9c495180fe0156ddf3eb0 \"><div class=\"porto-u-main-heading\"><h2   style=\"margin-bottom: 15px;\">Die fr\u00fchen Jahre<\/h2><\/div><div class=\"porto-u-sub-heading\" style=\"\">Gegr\u00fcndet am 16. September 1980 von Karl Wilhelm Kalkbrenner, erg\u00e4nzten die Dienstleistungen des Unternehmens die Immobiliendienstleistungen des Eigent\u00fcmers von Al Villas, Enzio von Baselli, der damals zugleich Honorarkonsul der Bundesrepublik Deutschland an der Algarve war. Sie blieben fast ein Jahrzehnt lang Gesch\u00e4ftspartner, bis Enzio in den Ruhestand ging.<\/div><style>.porto-u-ad87e2eaf3f9c495180fe0156ddf3eb0.porto-u-heading{text-align:left}<\/style><\/div>[\/vc_column][vc_column width=&#8220;1\/3&#8243;]<div class=\"porto-u-heading  wpb_custom_257a69c66b5315e12997390a986a5c34 porto-u-ad87e2eaf3f9c495180fe0156ddf3eb0 \"><div class=\"porto-u-main-heading\"><h2   style=\"margin-bottom: 15px;\">Jahrhundertwende<\/h2><\/div><div class=\"porto-u-sub-heading\" style=\"\">Nachdem Ren\u00e9 w\u00e4hrend mehrerer Schulferien im Sommer bei seinem p\u00e8re mitgearbeitet und seine Ausbildung in Betriebswirtschaft bei der Deutsch-Portugiesischen Handelskammer in Lissabon abgeschlossen hatte, trat er im Oktober 2001 in das Unternehmen ein. Er unterst\u00fctzte seinen Vater bei der Unternehmensf\u00fchrung bis zu dessen Ruhestand im Dezember 2009.<\/div><style>.porto-u-ad87e2eaf3f9c495180fe0156ddf3eb0.porto-u-heading{text-align:left}<\/style><\/div>[\/vc_column][vc_column width=&#8220;1\/3&#8243;]<div class=\"porto-u-heading  wpb_custom_257a69c66b5315e12997390a986a5c34 porto-u-ad87e2eaf3f9c495180fe0156ddf3eb0 \"><div class=\"porto-u-main-heading\"><h2   style=\"margin-bottom: 15px;\">Die 2. Generation<\/h2><\/div><div class=\"porto-u-sub-heading\" style=\"\">Nach der \u00dcbergabe im Jahr 2010 konzentrierte sich Ren\u00e9 darauf, die von seinem Vater geschaffenen Grundlagen weiterzuentwickeln und auszubauen. In den darauffolgenden Jahren baute er ein Netzwerk von Unternehmen auf, die mit den von diesem Unternehmen angebotenen Hausverwaltungsdienstleistungen synergetisch zusammenarbeiten. Heute bieten sie Dienstleistungen in den Bereichen Immobilien, Projektentwicklung, Logistik und Lagerung sowie gewerbliche L\u00f6sungen f\u00fcr im Ausland ans\u00e4ssige Unternehmen an.<\/div><style>.porto-u-ad87e2eaf3f9c495180fe0156ddf3eb0.porto-u-heading{text-align:left}<\/style><\/div>[\/vc_column][\/vc_row][vc_row css=&#8220;.vc_custom_1746464678346{margin-top: 75px !important;}&#8220; conditional_render=&#8220;%5B%7B%22value_role%22%3A%22administrator%22%7D%5D&#8220; css_params=&#8220;&#8220;][vc_column]<div class=\"porto-block\" data-id=\"763\"><style>.vc_custom_1761560892748{background-image: url(https:\/\/kalkbrenner.ws\/wp-content\/uploads\/2025\/05\/contact-us-2.jpg?id=551) !important;background-position: center !important;background-repeat: no-repeat !important;background-size: cover !important;}.vc_custom_1746456880445{margin-bottom: 0px !important;}.vc_custom_1777038792384{margin-top: 50px !important;}.wpb_custom_833b57a40257c70fae898b52a19ab2ac.porto-u-heading .porto-u-main-heading > *{font-size:3rem;}@media (max-width:575px){.wpb_custom_833b57a40257c70fae898b52a19ab2ac.porto-u-heading .porto-u-main-heading > *{font-size:3rem;}}.wpb_custom_833b57a40257c70fae898b52a19ab2ac.porto-u-heading .porto-u-main-heading > *{line-height:1.1;}.wpb_custom_13675111f8767988fcb5dda4e1c47101.porto-btn{font-family:Inria Serif;font-size:22px;}<\/style>[vc_row content_placement=\"middle\" conditional_render=\"%5B%7B%22value_role%22%3A%22administrator%22%7D%5D\" css_params=\"\"][vc_column]<div class=\"porto-ibanner interactive-banner-wrap-1368ed295cfdbb6b88adaac7efb6cfe6 vc_custom_1761560892748 banner-right\" style=\"min-height:500px;\"><div class=\"porto-ibanner-desc no-padding d-flex\"><div class=\"porto-ibanner-layer vc_custom_1746456880445 wpb_custom_2c5109c031829f9c54153ed0e6239ff6 banner-pos-f6356757d4f73384a3f5bc65723ae83a\" style=\"width:90%;\"><div class=\"porto-u-heading  wpb_custom_833b57a40257c70fae898b52a19ab2ac porto-u-366ff92ac56193420f452da2f89b711d \"><div class=\"porto-u-main-heading\"><h2   style=\"color:#004aad;margin-bottom: 5px;\">Kalkbrenner Properties<\/h2><\/div><div class=\"porto-u-sub-heading\" style=\"color: #004aad;\"><span style=\"font-size: 22px;\">Vermietung von Villen \u00b7 Immobilien \u00b7 Immobilienverwaltung<\/span><\/div><style>.porto-u-366ff92ac56193420f452da2f89b711d.porto-u-heading{text-align:left} @media(max-width:991px){ .porto-u-366ff92ac56193420f452da2f89b711d.porto-u-heading{text-align:center}} @media(max-width:767px){ .porto-u-366ff92ac56193420f452da2f89b711d.porto-u-heading{text-align:center}} @media(max-width:575px){ .porto-u-366ff92ac56193420f452da2f89b711d.porto-u-heading{text-align:center}}<\/style><\/div><div class=\"porto-btn-ctn-left botao-banner\"><a class=\"porto-btn  vc_custom_1777038792384 porto-adjust-bottom-margin porto-btn-small porto-btn-fade-bg   wpb_custom_13675111f8767988fcb5dda4e1c47101  porto-btn-left \" title='Kontaktieren Sie uns' rel='' href = \"https:\/\/kalkbrenner.ws\/de\/kontaktieren-sie-uns\/\"  data-hover=\"#ffffff\" data-border-color=\"#004aad\" data-bg=\"rgba(255,255,255,0.01)\" data-hover-bg=\"#004aad\" data-border-hover=\"#004aad\" data-shadow-click=\"none\" data-shadow=\"\" style=\"border-width:1px;border-color:#004aad;border-style:solid;background: rgba(255,255,255,0.01);color: #004aad;\"><span class=\"porto-btn-hover\" style=\"background-color:#004aad\"><\/span><span class=\"porto-btn-data porto-btn-text \" >Kontaktieren Sie uns<\/span><\/a><\/div><style>.banner-pos-f6356757d4f73384a3f5bc65723ae83a {left: 50%;right: unset;top: 50%;bottom: unset;transform: translate(-50%, -50%);}<\/style><\/div><\/div><\/div>[\/vc_column][\/vc_row]<\/div>[\/vc_column][\/vc_row]<\/p>\n<\/div>","protected":false},"excerpt":{"rendered":"<p>[vc_row css=&#8220;.vc_custom_1746459060118{margin-top: 100px !important;}&#8220; conditional_render=&#8220;%5B%7B%22value_role%22%3A%22administrator%22%7D%5D&#8220; css_params=&#8220;&#8220;][vc_column][vc_text_separator title=&#8220;Lernen Sie das Team kennen&#8220; title_align=&#8220;separator_align_left&#8220; align=&#8220;align_left&#8220; color=&#8220;custom&#8220; css=&#8220;&#8220; style=&#8220;solid&#8220; element=&#8220;h2&#8243; accent_color=&#8220;#e6e6e6&#8243; css_params=&#8220;&#8220;][\/vc_column][\/vc_row][vc_row conditional_render=&#8220;%5B%7B%22value_role%22%3A%22administrator%22%7D%5D&#8220; css_params=&#8220;&#8220; css=&#8220;.vc_custom_1748344289504{padding-top: 50px !important;}&#8220;][vc_column width=&#8220;1\/3&#8243;][\/vc_column][vc_column width=&#8220;1\/3&#8243;][\/vc_column][vc_column width=&#8220;1\/3&#8243;][\/vc_column][\/vc_row][vc_row css=&#8220;.vc_custom_1746459060118{margin-top: 100px !important;}&#8220; conditional_render=&#8220;%5B%7B%22value_role%22%3A%22administrator%22%7D%5D&#8220; css_params=&#8220;&#8220;][vc_column][vc_text_separator title=&#8220;Unternehmensgeschichte&#8220; title_align=&#8220;separator_align_left&#8220; align=&#8220;align_left&#8220; color=&#8220;custom&#8220; css=&#8220;&#8220; style=&#8220;solid&#8220; element=&#8220;h2&#8243; accent_color=&#8220;#e6e6e6&#8243; css_params=&#8220;&#8220;][\/vc_column][\/vc_row][vc_row gap=&#8220;30&#8243; css=&#8220;.vc_custom_1746459357521{margin-top: 40px !important;}&#8220; conditional_render=&#8220;%5B%7B%22value_role%22%3A%22administrator%22%7D%5D&#8220; css_params=&#8220;&#8220;][vc_column width=&#8220;1\/3&#8243;][\/vc_column][vc_column width=&#8220;1\/3&#8243;][\/vc_column][vc_column width=&#8220;1\/3&#8243;][\/vc_column][\/vc_row][vc_row css=&#8220;.vc_custom_1746464678346{margin-top: 75px !important;}&#8220; conditional_render=&#8220;%5B%7B%22value_role%22%3A%22administrator%22%7D%5D&#8220; css_params=&#8220;&#8220;][vc_column][\/vc_column][\/vc_row]<\/p>\n","protected":false},"author":1,"featured_media":0,"parent":0,"menu_order":0,"comment_status":"closed","ping_status":"closed","template":"","meta":{"footnotes":""},"class_list":["post-607","page","type-page","status-publish","hentry"],"_links":{"self":[{"href":"https:\/\/kalkbrenner.ws\/de\/wp-json\/wp\/v2\/pages\/607","targetHints":{"allow":["GET"]}}],"collection":[{"href":"https:\/\/kalkbrenner.ws\/de\/wp-json\/wp\/v2\/pages"}],"about":[{"href":"https:\/\/kalkbrenner.ws\/de\/wp-json\/wp\/v2\/types\/page"}],"author":[{"embeddable":true,"href":"https:\/\/kalkbrenner.ws\/de\/wp-json\/wp\/v2\/users\/1"}],"replies":[{"embeddable":true,"href":"https:\/\/kalkbrenner.ws\/de\/wp-json\/wp\/v2\/comments?post=607"}],"version-history":[{"count":2,"href":"https:\/\/kalkbrenner.ws\/de\/wp-json\/wp\/v2\/pages\/607\/revisions"}],"predecessor-version":[{"id":610,"href":"https:\/\/kalkbrenner.ws\/de\/wp-json\/wp\/v2\/pages\/607\/revisions\/610"}],"wp:attachment":[{"href":"https:\/\/kalkbrenner.ws\/de\/wp-json\/wp\/v2\/media?parent=607"}],"curies":[{"name":"wp","href":"https:\/\/api.w.org\/{rel}","templated":true}]}}

Über uns

<div class="wpb-content-wrapper"><p>[vc_row css=&#8220;.vc_custom_1746459060118{margin-top: 100px !important;}&#8220; conditional_render=&#8220;%5B%7B%22value_role%22%3A%22administrator%22%7D%5D&#8220; css_params=&#8220;&#8220;][vc_column][vc_text_separator title=&#8220;Lernen Sie das Team kennen&#8220; title_align=&#8220;separator_align_left&#8220; align=&#8220;align_left&#8220; color=&#8220;custom&#8220; css=&#8220;&#8220; style=&#8220;solid&#8220; element=&#8220;h2&#8243; accent_color=&#8220;#e6e6e6&#8243; css_params=&#8220;&#8220;][/vc_column][/vc_row][vc_row conditional_render=&#8220;%5B%7B%22value_role%22%3A%22administrator%22%7D%5D&#8220; css_params=&#8220;&#8220; css=&#8220;.vc_custom_1748344289504{padding-top: 50px !important;}&#8220;][vc_column width=&#8220;1/3&#8243;]<div class="porto-sicon-box  wpb_custom_9d3ed8f607cc011188fbf691d9310ffa style_1 top-icon"><div class="porto-sicon-header"><h3 class="porto-sicon-title" style="">Rene Kalkbrenner</h3><p>CEO &amp; geschäftsführender Gesellschafter</p></div> <!-- header --></div><!-- porto-sicon-box --><div class="porto-sicon-box  wpb_custom_9d3ed8f607cc011188fbf691d9310ffa style_1 top-icon"><div class="porto-sicon-header"><h3 class="porto-sicon-title" style="">Claudia Kalkbrenner</h3><p>CEO &amp; geschäftsführender Gesellschafter</p></div> <!-- header --></div><!-- porto-sicon-box -->[/vc_column][vc_column width=&#8220;1/3&#8243;]<div class="porto-sicon-box  wpb_custom_9d3ed8f607cc011188fbf691d9310ffa style_1 top-icon"><div class="porto-sicon-header"><h3 class="porto-sicon-title" style="">Paula Cabrita</h3><p>Kundenservice &amp; Projekte</p></div> <!-- header --></div><!-- porto-sicon-box --><div class="porto-sicon-box  wpb_custom_9d3ed8f607cc011188fbf691d9310ffa style_1 top-icon"><div class="porto-sicon-header"><h3 class="porto-sicon-title" style="">Anabela Palma</h3><p>Kundenservice &amp; Buchungen</p></div> <!-- header --></div><!-- porto-sicon-box --><div class="porto-sicon-box  wpb_custom_9d3ed8f607cc011188fbf691d9310ffa style_1 top-icon"><div class="porto-sicon-header"><h3 class="porto-sicon-title" style="">Nelson Neves</h3><p>Kundenservice &amp; Buchungen</p></div> <!-- header --></div><!-- porto-sicon-box --><div class="porto-sicon-box  wpb_custom_9d3ed8f607cc011188fbf691d9310ffa style_1 top-icon"><div class="porto-sicon-header"><h3 class="porto-sicon-title" style="">Inês Lapa</h3><p>Buchungen &amp; Kundenservice</p></div> <!-- header --></div><!-- porto-sicon-box -->[/vc_column][vc_column width=&#8220;1/3&#8243;]<div class="porto-sicon-box  wpb_custom_9d3ed8f607cc011188fbf691d9310ffa style_1 top-icon"><div class="porto-sicon-header"><h3 class="porto-sicon-title" style="">Marinella Ghezzo</h3><p>Personalwesen &amp; Buchhaltung</p></div> <!-- header --></div><!-- porto-sicon-box --><div class="porto-sicon-box  wpb_custom_9d3ed8f607cc011188fbf691d9310ffa style_1 top-icon"><div class="porto-sicon-header"><h3 class="porto-sicon-title" style="">Cristina Ferreira</h3><p>Buchhaltung &amp; Kundenservice</p></div> <!-- header --></div><!-- porto-sicon-box --><div class="porto-sicon-box  wpb_custom_9d3ed8f607cc011188fbf691d9310ffa style_1 top-icon"><div class="porto-sicon-header"><h3 class="porto-sicon-title" style="">Catarina Barreira</h3><p>Buchhaltung &amp; Kundenservice</p></div> <!-- header --></div><!-- porto-sicon-box --><div class="porto-sicon-box  wpb_custom_9d3ed8f607cc011188fbf691d9310ffa style_1 top-icon"><div class="porto-sicon-header"><h3 class="porto-sicon-title" style="">Jorge Maia</h3><p>Buchhaltung &amp; Kundenservice</p></div> <!-- header --></div><!-- porto-sicon-box -->[/vc_column][/vc_row][vc_row css=&#8220;.vc_custom_1746459060118{margin-top: 100px !important;}&#8220; conditional_render=&#8220;%5B%7B%22value_role%22%3A%22administrator%22%7D%5D&#8220; css_params=&#8220;&#8220;][vc_column][vc_text_separator title=&#8220;Unternehmensgeschichte&#8220; title_align=&#8220;separator_align_left&#8220; align=&#8220;align_left&#8220; color=&#8220;custom&#8220; css=&#8220;&#8220; style=&#8220;solid&#8220; element=&#8220;h2&#8243; accent_color=&#8220;#e6e6e6&#8243; css_params=&#8220;&#8220;][/vc_column][/vc_row][vc_row gap=&#8220;30&#8243; css=&#8220;.vc_custom_1746459357521{margin-top: 40px !important;}&#8220; conditional_render=&#8220;%5B%7B%22value_role%22%3A%22administrator%22%7D%5D&#8220; css_params=&#8220;&#8220;][vc_column width=&#8220;1/3&#8243;]<div class="porto-u-heading  wpb_custom_257a69c66b5315e12997390a986a5c34 porto-u-ad87e2eaf3f9c495180fe0156ddf3eb0 "><div class="porto-u-main-heading"><h2   style="margin-bottom: 15px;">Die frühen Jahre</h2></div><div class="porto-u-sub-heading" style="">Gegründet am 16. September 1980 von Karl Wilhelm Kalkbrenner, ergänzten die Dienstleistungen des Unternehmens die Immobiliendienstleistungen des Eigentümers von Al Villas, Enzio von Baselli, der damals zugleich Honorarkonsul der Bundesrepublik Deutschland an der Algarve war. Sie blieben fast ein Jahrzehnt lang Geschäftspartner, bis Enzio in den Ruhestand ging.</div><style>.porto-u-ad87e2eaf3f9c495180fe0156ddf3eb0.porto-u-heading{text-align:left}</style></div>[/vc_column][vc_column width=&#8220;1/3&#8243;]<div class="porto-u-heading  wpb_custom_257a69c66b5315e12997390a986a5c34 porto-u-ad87e2eaf3f9c495180fe0156ddf3eb0 "><div class="porto-u-main-heading"><h2   style="margin-bottom: 15px;">Jahrhundertwende</h2></div><div class="porto-u-sub-heading" style="">Nachdem René während mehrerer Schulferien im Sommer bei seinem père mitgearbeitet und seine Ausbildung in Betriebswirtschaft bei der Deutsch-Portugiesischen Handelskammer in Lissabon abgeschlossen hatte, trat er im Oktober 2001 in das Unternehmen ein. Er unterstützte seinen Vater bei der Unternehmensführung bis zu dessen Ruhestand im Dezember 2009.</div><style>.porto-u-ad87e2eaf3f9c495180fe0156ddf3eb0.porto-u-heading{text-align:left}</style></div>[/vc_column][vc_column width=&#8220;1/3&#8243;]<div class="porto-u-heading  wpb_custom_257a69c66b5315e12997390a986a5c34 porto-u-ad87e2eaf3f9c495180fe0156ddf3eb0 "><div class="porto-u-main-heading"><h2   style="margin-bottom: 15px;">Die 2. Generation</h2></div><div class="porto-u-sub-heading" style="">Nach der Übergabe im Jahr 2010 konzentrierte sich René darauf, die von seinem Vater geschaffenen Grundlagen weiterzuentwickeln und auszubauen. In den darauffolgenden Jahren baute er ein Netzwerk von Unternehmen auf, die mit den von diesem Unternehmen angebotenen Hausverwaltungsdienstleistungen synergetisch zusammenarbeiten. Heute bieten sie Dienstleistungen in den Bereichen Immobilien, Projektentwicklung, Logistik und Lagerung sowie gewerbliche Lösungen für im Ausland ansässige Unternehmen an.</div><style>.porto-u-ad87e2eaf3f9c495180fe0156ddf3eb0.porto-u-heading{text-align:left}</style></div>[/vc_column][/vc_row][vc_row css=&#8220;.vc_custom_1746464678346{margin-top: 75px !important;}&#8220; conditional_render=&#8220;%5B%7B%22value_role%22%3A%22administrator%22%7D%5D&#8220; css_params=&#8220;&#8220;][vc_column]<div class="porto-block" data-id="763"><style>.vc_custom_1761560892748{background-image: url(https://kalkbrenner.ws/wp-content/uploads/2025/05/contact-us-2.jpg?id=551) !important;background-position: center !important;background-repeat: no-repeat !important;background-size: cover !important;}.vc_custom_1746456880445{margin-bottom: 0px !important;}.vc_custom_1777038792384{margin-top: 50px !important;}.wpb_custom_833b57a40257c70fae898b52a19ab2ac.porto-u-heading .porto-u-main-heading > *{font-size:3rem;}@media (max-width:575px){.wpb_custom_833b57a40257c70fae898b52a19ab2ac.porto-u-heading .porto-u-main-heading > *{font-size:3rem;}}.wpb_custom_833b57a40257c70fae898b52a19ab2ac.porto-u-heading .porto-u-main-heading > *{line-height:1.1;}.wpb_custom_13675111f8767988fcb5dda4e1c47101.porto-btn{font-family:Inria Serif;font-size:22px;}</style>[vc_row content_placement="middle" conditional_render="%5B%7B%22value_role%22%3A%22administrator%22%7D%5D" css_params=""][vc_column]<div class="porto-ibanner interactive-banner-wrap-1368ed295cfdbb6b88adaac7efb6cfe6 vc_custom_1761560892748 banner-right" style="min-height:500px;"><div class="porto-ibanner-desc no-padding d-flex"><div class="porto-ibanner-layer vc_custom_1746456880445 wpb_custom_2c5109c031829f9c54153ed0e6239ff6 banner-pos-f6356757d4f73384a3f5bc65723ae83a" style="width:90%;"><div class="porto-u-heading  wpb_custom_833b57a40257c70fae898b52a19ab2ac porto-u-366ff92ac56193420f452da2f89b711d "><div class="porto-u-main-heading"><h2   style="color:#004aad;margin-bottom: 5px;">Kalkbrenner Properties</h2></div><div class="porto-u-sub-heading" style="color: #004aad;"><span style="font-size: 22px;">Vermietung von Villen · Immobilien · Immobilienverwaltung</span></div><style>.porto-u-366ff92ac56193420f452da2f89b711d.porto-u-heading{text-align:left} @media(max-width:991px){ .porto-u-366ff92ac56193420f452da2f89b711d.porto-u-heading{text-align:center}} @media(max-width:767px){ .porto-u-366ff92ac56193420f452da2f89b711d.porto-u-heading{text-align:center}} @media(max-width:575px){ .porto-u-366ff92ac56193420f452da2f89b711d.porto-u-heading{text-align:center}}</style></div><div class="porto-btn-ctn-left botao-banner"><a class="porto-btn  vc_custom_1777038792384 porto-adjust-bottom-margin porto-btn-small porto-btn-fade-bg   wpb_custom_13675111f8767988fcb5dda4e1c47101  porto-btn-left " title='Kontaktieren Sie uns' rel='' href = "https://kalkbrenner.ws/de/kontaktieren-sie-uns/"  data-hover="#ffffff" data-border-color="#004aad" data-bg="rgba(255,255,255,0.01)" data-hover-bg="#004aad" data-border-hover="#004aad" data-shadow-click="none" data-shadow="" style="border-width:1px;border-color:#004aad;border-style:solid;background: rgba(255,255,255,0.01);color: #004aad;"><span class="porto-btn-hover" style="background-color:#004aad"></span><span class="porto-btn-data porto-btn-text " >Kontaktieren Sie uns</span></a></div><style>.banner-pos-f6356757d4f73384a3f5bc65723ae83a {left: 50%;right: unset;top: 50%;bottom: unset;transform: translate(-50%, -50%);}</style></div></div></div>[/vc_column][/vc_row]</div>[/vc_column][/vc_row]</p>
</div>
